--
-- Host: localhost    Database: home_x
-- ------------------------------------------------------


--
-- Table structure for table `home_x`
--

CREATE TABLE `home_x` (
  `HuisId` int(11) NOT NULL AUTO_INCREMENT,
  `Straat` varchar(45) DEFAULT NULL,
  `HuisNr` varchar(5) DEFAULT NULL,
  `Stad` varchar(45) DEFAULT NULL,
  PRIMARY KEY (`HuisId`)
) ENGINE=InnoDB AUTO_INCREMENT=3 DEFAULT CHARSET=utf8;

--
-- Dumping data for table `home_x`
--

INSERT INTO `home_x` VALUES (1,'Slachthuisstraat','23','Ieper'),(2,'iets','10','Ieper');

--
-- Table structure for table `home_x_sensoren`
--

CREATE TABLE `home_x_sensoren` (
  `Meting` int(11) DEFAULT NULL,
  `Datum` date DEFAULT NULL,
  `Uur` time DEFAULT NULL,
  `HuisId` int(11) NOT NULL,
  `SensorNr` varchar(50) NOT NULL,
  KEY `fk_Temperatuur_Huis1_idx` (`HuisId`),
  KEY `fk_Temperatuur_Sensoren1_idx` (`SensorNr`),
  CONSTRAINT `fk_Temperatuur_Huis1` FOREIGN KEY (`HuisId`) REFERENCES `home_x` (`HuisId`) ON DELETE NO ACTION ON UPDATE NO ACTION,
  CONSTRAINT `fk_Temperatuur_Sensoren1` FOREIGN KEY (`SensorNr`) REFERENCES `sensoren` (`SensorNr`) ON DELETE NO ACTION ON UPDATE NO ACTION
) ENGINE=InnoDB DEFAULT CHARSET=utf8;

--
-- Dumping data for table `home_x_sensoren`
--

INSERT INTO `home_x_sensoren` VALUES (1,'2018-06-16','16:08:23',1,'1'),(1,'2018-06-16','16:08:26',1,'2'),(1,'2018-06-16','16:08:28',1,'3'),(1,'2018-06-16','16:08:32',1,'1'),(1,'2018-06-16','16:08:35',1,'2'),(1,'2018-06-16','16:08:37',1,'3'),(1,'2018-06-16','16:08:41',1,'1'),(1,'2018-06-16','16:08:43',1,'2'),(1,'2018-06-16','16:08:46',1,'3'),(1,'2018-06-16','16:08:49',1,'1'),(1,'2018-06-16','16:08:52',1,'2'),(1,'2018-06-16','16:08:55',1,'3'),(1,'2018-06-16','16:08:58',1,'1'),(1,'2018-06-16','16:09:01',1,'2'),(1,'2018-06-16','16:09:03',1,'3'),(1,'2018-06-16','16:09:07',1,'1'),(1,'2018-06-16','16:09:09',1,'2'),(1,'2018-06-16','16:09:12',1,'3'),(1,'2018-06-16','16:09:16',1,'1'),(1,'2018-06-16','16:09:18',1,'2'),(1,'2018-06-16','16:09:21',1,'3'),(1,'2018-06-16','16:09:24',1,'1'),(1,'2018-06-16','16:09:27',1,'2'),(1,'2018-06-16','16:09:29',1,'3'),(1,'2018-06-16','16:09:33',1,'1'),(1,'2018-06-16','16:09:35',1,'2'),(1,'2018-06-16','16:09:38',1,'3'),(1,'2018-06-16','16:09:42',1,'1'),(1,'2018-06-16','16:09:44',1,'2'),(1,'2018-06-16','16:09:47',1,'3'),(1,'2018-06-16','16:09:53',1,'1'),(1,'2018-06-16','16:09:55',1,'2'),(1,'2018-06-16','16:09:58',1,'3'),(1,'2018-06-16','16:10:04',1,'1'),(1,'2018-06-16','16:10:07',1,'2'),(1,'2018-06-16','16:10:09',1,'3'),(1,'2018-06-16','16:10:13',1,'1'),(1,'2018-06-16','16:10:15',1,'2'),(1,'2018-06-16','16:10:18',1,'3'),(1,'2018-06-16','16:10:21',1,'1'),(1,'2018-06-16','16:10:24',1,'2'),(1,'2018-06-16','16:10:27',1,'3'),(1,'2018-06-16','16:10:29',1,'1'),(1,'2018-06-16','16:10:30',1,'1'),(1,'2018-06-16','16:10:32',1,'2'),(1,'2018-06-16','16:10:33',1,'2'),(1,'2018-06-16','16:10:34',1,'3'),(1,'2018-06-16','16:10:35',1,'3'),(1,'2018-06-16','16:10:38',1,'1'),(1,'2018-06-16','16:10:40',1,'2'),(1,'2018-06-16','16:10:43',1,'3'),(1,'2018-06-16','16:10:44',1,'1'),(1,'2018-06-16','16:10:46',1,'2'),(1,'2018-06-16','16:10:46',1,'1'),(1,'2018-06-16','16:10:49',1,'3'),(1,'2018-06-16','16:10:49',1,'2'),(1,'2018-06-16','16:10:52',1,'3'),(1,'2018-06-16','16:10:55',1,'1'),(1,'2018-06-16','16:10:58',1,'2'),(1,'2018-06-16','16:10:58',1,'1'),(1,'2018-06-16','16:11:00',1,'3'),(1,'2018-06-16','16:11:00',1,'2'),(1,'2018-06-16','16:11:03',1,'3'),(1,'2018-06-16','16:11:04',1,'1'),(1,'2018-06-16','16:11:06',1,'2'),(1,'2018-06-16','16:11:06',1,'1'),(1,'2018-06-16','16:11:09',1,'3'),(1,'2018-06-16','16:11:09',1,'2'),(1,'2018-06-16','16:11:11',1,'3'),(1,'2018-06-16','16:11:12',1,'1'),(1,'2018-06-16','16:11:15',1,'2'),(1,'2018-06-16','16:11:15',1,'1'),(1,'2018-06-16','16:11:18',1,'3'),(1,'2018-06-16','16:11:18',1,'2'),(1,'2018-06-16','16:11:20',1,'3'),(1,'2018-06-16','16:11:21',1,'1'),(1,'2018-06-16','16:11:24',1,'2'),(1,'2018-06-16','16:11:24',1,'1'),(1,'2018-06-16','16:11:26',1,'3'),(1,'2018-06-16','16:11:26',1,'2'),(1,'2018-06-16','16:11:29',1,'3'),(1,'2018-06-16','16:11:30',1,'1'),(1,'2018-06-16','16:11:32',1,'1'),(1,'2018-06-16','16:11:32',1,'2'),(1,'2018-06-16','16:11:35',1,'2'),(1,'2018-06-16','16:11:35',1,'3'),(1,'2018-06-16','16:11:38',1,'3'),(1,'2018-06-16','16:11:41',1,'1'),(1,'2018-06-16','16:11:44',1,'2'),(1,'2018-06-16','16:11:46',1,'3'),(1,'2018-06-16','16:11:46',1,'1'),(1,'2018-06-16','16:11:49',1,'2'),(1,'2018-06-16','16:11:50',1,'1'),(1,'2018-06-16','16:11:51',1,'3'),(1,'2018-06-16','16:11:52',1,'2'),(1,'2018-06-16','16:11:55',1,'3'),(1,'2018-06-16','16:11:57',1,'1'),(1,'2018-06-16','16:11:59',1,'1'),(1,'2018-06-16','16:12:00',1,'2'),(1,'2018-06-16','16:12:01',1,'2'),(1,'2018-06-16','16:12:03',1,'3'),(1,'2018-06-16','16:12:04',1,'3'),(1,'2018-06-16','16:12:06',1,'1'),(1,'2018-06-16','16:12:07',1,'1'),(1,'2018-06-16','16:12:09',1,'2'),(1,'2018-06-16','16:12:10',1,'2'),(1,'2018-06-16','16:12:11',1,'3'),(1,'2018-06-16','16:12:12',1,'3'),(1,'2018-06-16','16:12:16',1,'1'),(1,'2018-06-16','16:12:17',1,'1'),(1,'2018-06-16','16:12:18',1,'2'),(1,'2018-06-16','16:12:20',1,'2'),(1,'2018-06-16','16:12:21',1,'3'),(1,'2018-06-16','16:12:22',1,'3'),(1,'2018-06-16','16:12:26',1,'1'),(1,'2018-06-16','16:12:29',1,'2'),(1,'2018-06-16','16:12:30',1,'1'),(1,'2018-06-16','16:12:31',1,'3'),(1,'2018-06-16','16:12:32',1,'2'),(1,'2018-06-16','16:12:35',1,'3'),(1,'2018-06-16','16:12:37',1,'1'),(1,'2018-06-16','16:12:38',1,'1'),(1,'2018-06-16','16:12:40',1,'2'),(1,'2018-06-16','16:12:41',1,'2'),(1,'2018-06-16','16:12:42',1,'3'),(1,'2018-06-16','16:12:43',1,'3'),(1,'2018-06-16','16:12:46',1,'1'),(1,'2018-06-16','16:12:47',1,'1'),(1,'2018-06-16','16:12:48',1,'2'),(1,'2018-06-16','16:12:50',1,'2'),(1,'2018-06-16','16:12:51',1,'3');

--
-- Table structure for table `sensoren`
--

CREATE TABLE `sensoren` (
  `SensorNr` varchar(50) NOT NULL,
  `Type` varchar(45) DEFAULT NULL,
  PRIMARY KEY (`SensorNr`)
) ENGINE=InnoDB DEFAULT CHARSET=utf8;

--
-- Dumping data for table `sensoren`
--

INSERT INTO `sensoren` VALUES ('1','Temp'),('2','Gas'),('3','Luchtkwaliteit');


